{"id":97,"date":"2024-07-12T10:17:20","date_gmt":"2024-07-12T08:17:20","guid":{"rendered":"http:\/\/jnosaxo.band\/?page_id=97"},"modified":"2024-07-12T11:38:38","modified_gmt":"2024-07-12T09:38:38","slug":"references","status":"publish","type":"page","link":"https:\/\/jnosaxo.band\/index.php\/references\/","title":{"rendered":"R\u00e9f\u00e9rences"},"content":{"rendered":"\n<p>JNOSAXO se d\u00e9place \u00e0 l\u2019international<\/p>\n\n\n\n<div class=\"wp-block-columns is-layout-flex wp-container-core-columns-is-layout-9d6595d7 wp-block-columns-is-layout-flex\">\n<div class=\"wp-block-column is-vertically-aligned-center is-layout-flow wp-block-column-is-layout-flow\">\n<div class=\"wp-block-cakewp-slider-inserter\"><div class=\"wp-block-cakewp-block-slider alignfull block-slider blockslider-has-styles blockslider-opacity-100 blockslider-slides-opacity-100 blockslider-post-105 blockslider-uid-c5c6d2\"><div class=\"blockslider-slider-wrapper\" data-noofslides=\"1\" data-spacebetween=\"10\" data-speed=\"400\" data-navigation=\"true\" data-pagination=\"true\" data-autoplay=\"true\" data-delay=\"3000\" data-autoplayonhover=\"true\" data-loop=\"true\" data-keyboardnavigation=\"false\" data-effect=\"fade\" data-autoheight=\"false\" data-allowtouchmove=\"false\"><div class=\"blockslider-wrapper\">\n<div class=\"wp-block-cakewp-block-slide blockslider-slide blockslider-has-styles blockslider-vertically-aligned-center blockslider-uid-dc81d7\"><div class=\"blockslider-slide-inner-wrapper blockslider__inner-container\"><div class=\"wp-block-image\">\n<figure class=\"aligncenter\"><img decoding=\"async\" src=\"http:\/\/jnosaxo.band\/wp-content\/uploads\/2024\/07\/download-2.jpg\" alt=\"\"><\/figure>\n<\/div><\/div><\/div>\n\n\n\n<div class=\"wp-block-cakewp-block-slide blockslider-slide blockslider-has-styles blockslider-vertically-aligned-center blockslider-uid-dc81d7\"><div class=\"blockslider-slide-inner-wrapper blockslider__inner-container\"><div class=\"wp-block-image\">\n<figure class=\"aligncenter\"><img decoding=\"async\" src=\"http:\/\/jnosaxo.band\/wp-content\/uploads\/2024\/07\/download.jpg\" alt=\"\"><\/figure>\n<\/div><\/div><\/div>\n\n\n\n<div class=\"wp-block-cakewp-block-slide blockslider-slide blockslider-has-styles blockslider-vertically-aligned-center blockslider-uid-dc81d7\"><div class=\"blockslider-slide-inner-wrapper blockslider__inner-container\"><div class=\"wp-block-image\">\n<figure class=\"aligncenter\"><img decoding=\"async\" src=\"http:\/\/jnosaxo.band\/wp-content\/uploads\/2024\/07\/download-1.jpg\" alt=\"\"><\/figure>\n<\/div><\/div><\/div>\n<\/div><\/div><div class=\"blockslider-navigation-wrapper blockslider-justify-space-between blockslider-vertical-center\"><button class=\"blockslider-prev-btn\"><svg xmlns=\"http:\/\/www.w3.org\/2000\/svg\" width=\"24\" height=\"24\" viewbox=\"0 0 20 20\" fill=\"none\" aria-hidden=\"true\"><path d=\"M18 9V11H6L10 15L9 17L2 10L9 3L10 5L6 9H18Z\" fill=\"black\"><\/path><\/svg><\/button><button class=\"blockslider-next-btn\"><svg xmlns=\"http:\/\/www.w3.org\/2000\/svg\" width=\"24\" height=\"24\" viewbox=\"0 0 20 20\" fill=\"none\" aria-hidden=\"true\"><path d=\"M2 11V9H14L10 5L11 3L18 10L11 17L10 15L14 11H2Z\" fill=\"black\"><\/path><\/svg><\/button><\/div><div class=\"blockslider-pagination-wrapper blockslider-justify-center blockslider-vertical-bottom\"><div class=\"blockslider-pagination-main blockslider-pagination blockslider-orientation-horizontal blockslider-pagination-circle\"><\/div><\/div><\/div><\/div>\n<\/div>\n\n\n\n<div class=\"wp-block-column is-layout-flow wp-block-column-is-layout-flow\">\n<p>France<\/p>\n<pre class=\"p1\">H\u00f4tel Royal Evian,<br \/>H\u00f4tel Restaurant La Verniaz,<br \/>H\u00f4tel Restaurant La Folie Douce Chamonix,<br \/>Restaurant Le Bateau Ivre Yvoire,<br \/>H\u00f4tel du Cr\u00eat Morzine,<br \/>Restaurant La D\u2019Z Les Gets,<br \/>H\u00f4tel de la Plage Excenevex,<br \/>Restaurant Club House Port Ripaille Thonon,<br \/>Le Grand H\u00f4tel Domaine de Divonne,<br \/>H\u00f4tel de la Plage Le Lavandou\u2026<\/pre>\n<\/div>\n<\/div>\n\n\n\n<div class=\"wp-block-columns is-layout-flex wp-container-core-columns-is-layout-9d6595d7 wp-block-columns-is-layout-flex\">\n<div class=\"wp-block-column is-vertically-aligned-center is-layout-flow wp-block-column-is-layout-flow\">\n<div class=\"wp-block-cakewp-slider-inserter\"><div class=\"wp-block-cakewp-block-slider alignfull block-slider blockslider-has-styles blockslider-opacity-100 blockslider-slides-opacity-100 blockslider-post-117 blockslider-uid-c5c6d2\"><div class=\"blockslider-slider-wrapper\" data-noofslides=\"1\" data-spacebetween=\"10\" data-speed=\"400\" data-navigation=\"true\" data-pagination=\"true\" data-autoplay=\"true\" data-delay=\"3000\" data-autoplayonhover=\"true\" data-loop=\"true\" data-keyboardnavigation=\"false\" data-effect=\"slide\" data-autoheight=\"false\" data-allowtouchmove=\"false\"><div class=\"blockslider-wrapper\">\n<div class=\"wp-block-cakewp-block-slide blockslider-slide blockslider-has-styles blockslider-vertically-aligned-center blockslider-uid-dc81d7\"><div class=\"blockslider-slide-inner-wrapper blockslider__inner-container\"><div class=\"wp-block-image\">\n<figure class=\"aligncenter\"><img decoding=\"async\" src=\"http:\/\/jnosaxo.band\/wp-content\/uploads\/2024\/07\/download-3.jpg\" alt=\"\"><\/figure>\n<\/div><\/div><\/div>\n\n\n\n<div class=\"wp-block-cakewp-block-slide blockslider-slide blockslider-has-styles blockslider-vertically-aligned-center blockslider-uid-dc81d7\"><div class=\"blockslider-slide-inner-wrapper blockslider__inner-container\"><div class=\"wp-block-image\">\n<figure class=\"aligncenter\"><img decoding=\"async\" src=\"http:\/\/jnosaxo.band\/wp-content\/uploads\/2024\/07\/s5000183-copy.jpg\" alt=\"\"><\/figure>\n<\/div><\/div><\/div>\n\n\n\n<div class=\"wp-block-cakewp-block-slide blockslider-slide blockslider-has-styles blockslider-vertically-aligned-center blockslider-uid-dc81d7\"><div class=\"blockslider-slide-inner-wrapper blockslider__inner-container\"><div class=\"wp-block-image\">\n<figure class=\"aligncenter\"><img decoding=\"async\" src=\"http:\/\/jnosaxo.band\/wp-content\/uploads\/2024\/07\/csm_KempinskiGeneva_89_HD_f7fa6a445b.jpg\" alt=\"\"><\/figure>\n<\/div><\/div><\/div>\n<\/div><\/div><div class=\"blockslider-navigation-wrapper blockslider-justify-space-between blockslider-vertical-center\"><button class=\"blockslider-prev-btn\"><svg xmlns=\"http:\/\/www.w3.org\/2000\/svg\" width=\"24\" height=\"24\" viewbox=\"0 0 20 20\" fill=\"none\" aria-hidden=\"true\"><path d=\"M18 9V11H6L10 15L9 17L2 10L9 3L10 5L6 9H18Z\" fill=\"black\"><\/path><\/svg><\/button><button class=\"blockslider-next-btn\"><svg xmlns=\"http:\/\/www.w3.org\/2000\/svg\" width=\"24\" height=\"24\" viewbox=\"0 0 20 20\" fill=\"none\" aria-hidden=\"true\"><path d=\"M2 11V9H14L10 5L11 3L18 10L11 17L10 15L14 11H2Z\" fill=\"black\"><\/path><\/svg><\/button><\/div><div class=\"blockslider-pagination-wrapper blockslider-justify-center blockslider-vertical-bottom\"><div class=\"blockslider-pagination-main blockslider-pagination blockslider-orientation-horizontal blockslider-pagination-circle\"><\/div><\/div><\/div><\/div>\n<\/div>\n\n\n\n<div class=\"wp-block-column is-layout-flow wp-block-column-is-layout-flow\">\n<p class=\"p1\">Suisse<\/p>\n<pre class=\"p1\">H\u00f4tel M\u00e9tropole Gen\u00e8ve,<br \/>Grand H\u00f4tel Kempinski Gen\u00e8ve,<br \/>H\u00f4tel Restaurant<span class=\"Apple-converted-space\">\u00a0 <\/span>La Perle Du Lac Gen\u00e8ve,<br \/>Ch\u00e2teau de Coppet,<br \/>Ch\u00e2teau de L\u2019Aile Vevey,<span class=\"Apple-converted-space\"> <br \/><\/span>Caf\u00e9 Le Centre Chamoson,<br \/>H\u00f4tel Beau-Rivage Palace Lausanne,<br \/>Festival de Jazz de Montreux,<br \/>Festival de Musiques de Martigny,<br \/>Festival de Jazz de Lugano,<br \/>Festival de Jazz Ascona\u2026<\/pre>\n<\/div>\n<\/div>\n\n\n\n<div class=\"wp-block-columns is-layout-flex wp-container-core-columns-is-layout-9d6595d7 wp-block-columns-is-layout-flex\">\n<div class=\"wp-block-column is-vertically-aligned-center is-layout-flow wp-block-column-is-layout-flow\">\n<div class=\"wp-block-cakewp-slider-inserter\"><div class=\"wp-block-cakewp-block-slider alignfull block-slider blockslider-has-styles blockslider-opacity-100 blockslider-slides-opacity-100 blockslider-post-128 blockslider-uid-c5c6d2\"><div class=\"blockslider-slider-wrapper\" data-noofslides=\"1\" data-spacebetween=\"10\" data-speed=\"400\" data-navigation=\"true\" data-pagination=\"true\" data-autoplay=\"true\" data-delay=\"3000\" data-autoplayonhover=\"true\" data-loop=\"true\" data-keyboardnavigation=\"false\" data-effect=\"fade\" data-autoheight=\"false\" data-allowtouchmove=\"false\"><div class=\"blockslider-wrapper\">\n<div class=\"wp-block-cakewp-block-slide blockslider-slide blockslider-has-styles blockslider-vertically-aligned-center blockslider-uid-dc81d7\"><div class=\"blockslider-slide-inner-wrapper blockslider__inner-container\"><div class=\"wp-block-image\">\n<figure class=\"aligncenter\"><img decoding=\"async\" src=\"http:\/\/jnosaxo.band\/wp-content\/uploads\/2024\/07\/download-4.jpg\" alt=\"\"><\/figure>\n<\/div><\/div><\/div>\n\n\n\n<div class=\"wp-block-cakewp-block-slide blockslider-slide blockslider-has-styles blockslider-vertically-aligned-center blockslider-uid-dc81d7\"><div class=\"blockslider-slide-inner-wrapper blockslider__inner-container\"><div class=\"wp-block-image\">\n<figure class=\"aligncenter\"><img decoding=\"async\" src=\"http:\/\/jnosaxo.band\/wp-content\/uploads\/2024\/07\/Jazz-festival-Uzbekistan-web-1024x576-1.jpg\" alt=\"\"><\/figure>\n<\/div><\/div><\/div>\n\n\n\n<div class=\"wp-block-cakewp-block-slide blockslider-slide blockslider-has-styles blockslider-vertically-aligned-center blockslider-uid-dc81d7\"><div class=\"blockslider-slide-inner-wrapper blockslider__inner-container\"><div class=\"wp-block-image\">\n<figure class=\"aligncenter\"><img decoding=\"async\" src=\"http:\/\/jnosaxo.band\/wp-content\/uploads\/2024\/07\/IMG_0010-scaled.jpg\" alt=\"\"><\/figure>\n<\/div><\/div><\/div>\n\n\n\n<div class=\"wp-block-cakewp-block-slide blockslider-slide blockslider-has-styles blockslider-vertically-aligned-center blockslider-uid-dc81d7\"><div class=\"blockslider-slide-inner-wrapper blockslider__inner-container\"><div class=\"wp-block-image\">\n<figure class=\"aligncenter\"><img decoding=\"async\" src=\"http:\/\/jnosaxo.band\/wp-content\/uploads\/2024\/07\/IMG_0011-scaled.jpg\" alt=\"\"><\/figure>\n<\/div><\/div><\/div>\n<\/div><\/div><div class=\"blockslider-navigation-wrapper blockslider-justify-space-between blockslider-vertical-center\"><button class=\"blockslider-prev-btn\"><svg xmlns=\"http:\/\/www.w3.org\/2000\/svg\" width=\"24\" height=\"24\" viewbox=\"0 0 20 20\" fill=\"none\" aria-hidden=\"true\"><path d=\"M18 9V11H6L10 15L9 17L2 10L9 3L10 5L6 9H18Z\" fill=\"black\"><\/path><\/svg><\/button><button class=\"blockslider-next-btn\"><svg xmlns=\"http:\/\/www.w3.org\/2000\/svg\" width=\"24\" height=\"24\" viewbox=\"0 0 20 20\" fill=\"none\" aria-hidden=\"true\"><path d=\"M2 11V9H14L10 5L11 3L18 10L11 17L10 15L14 11H2Z\" fill=\"black\"><\/path><\/svg><\/button><\/div><div class=\"blockslider-pagination-wrapper blockslider-justify-center blockslider-vertical-bottom\"><div class=\"blockslider-pagination-main blockslider-pagination blockslider-orientation-horizontal blockslider-pagination-circle\"><\/div><\/div><\/div><\/div>\n<\/div>\n\n\n\n<div class=\"wp-block-column is-layout-flow wp-block-column-is-layout-flow\">\n<p class=\"p1\">Ouzb\u00e9kistan<\/p>\n<pre class=\"p1\">Festival de Jazz de Tachkent par L\u2019Ambassade de Suisse<\/pre>\n<\/div>\n<\/div>\n\n\n\n<p><\/p>\n","protected":false},"excerpt":{"rendered":"<p>JNOSAXO se d\u00e9place \u00e0 l\u2019international France H\u00f4tel Royal Evian,H\u00f4tel Restaurant La Verniaz,H\u00f4tel Restaurant La Folie Douce Chamonix,Restaurant Le Bateau Ivre Yvoire,H\u00f4tel du Cr\u00eat Morzine,Restaurant La D\u2019Z Les Gets,H\u00f4tel de la Plage Excenevex,Restaurant Club House Port Ripaille Thonon,Le Grand H\u00f4tel Domaine de Divonne,H\u00f4tel de la Plage Le Lavandou\u2026 Suisse H\u00f4tel M\u00e9tropole Gen\u00e8ve,Grand H\u00f4tel Kempinski Gen\u00e8ve,H\u00f4tel Restaurant\u00a0 [&hellip;]<\/p>\n","protected":false},"author":1,"featured_media":0,"parent":0,"menu_order":0,"comment_status":"closed","ping_status":"closed","template":"","meta":{"footnotes":""},"class_list":["post-97","page","type-page","status-publish","hentry"],"_links":{"self":[{"href":"https:\/\/jnosaxo.band\/index.php\/wp-json\/wp\/v2\/pages\/97","targetHints":{"allow":["GET"]}}],"collection":[{"href":"https:\/\/jnosaxo.band\/index.php\/wp-json\/wp\/v2\/pages"}],"about":[{"href":"https:\/\/jnosaxo.band\/index.php\/wp-json\/wp\/v2\/types\/page"}],"author":[{"embeddable":true,"href":"https:\/\/jnosaxo.band\/index.php\/wp-json\/wp\/v2\/users\/1"}],"replies":[{"embeddable":true,"href":"https:\/\/jnosaxo.band\/index.php\/wp-json\/wp\/v2\/comments?post=97"}],"version-history":[{"count":9,"href":"https:\/\/jnosaxo.band\/index.php\/wp-json\/wp\/v2\/pages\/97\/revisions"}],"predecessor-version":[{"id":132,"href":"https:\/\/jnosaxo.band\/index.php\/wp-json\/wp\/v2\/pages\/97\/revisions\/132"}],"wp:attachment":[{"href":"https:\/\/jnosaxo.band\/index.php\/wp-json\/wp\/v2\/media?parent=97"}],"curies":[{"name":"wp","href":"https:\/\/api.w.org\/{rel}","templated":true}]}}